 divisor of 13 and n.
13
Let x(u) be the first derivative of -8*u**2 + 224*u + 318. Let p be x(-5). What is the greatest common factor of p and 16?
16
Let c = -4105 - -5314. What is the highest common factor of 117 and c?
39
Let g(b) = b**2 + 52*b - 899. Let q be g(25). Calculate the highest common divisor of 216 and q.
54
Let s(x) = x**3 - 93*x**2 + 33*x - 532. Let n be s(93). What is the highest common factor of 129 and n?
43
Let w(o) = o**3 - 5*o**2 + 17. Let k be w(4). Suppose 56 = 2*s - 5*v - k, 3*s = 2*v + 58. What is the highest common divisor of s and 128?
16
Let b be (-131)/(-7) - 6/(-21). Let u(q) = -22*q - q**2 - 2*q + 7*q + 7 + b. Let r be u(-17). Calculate the greatest common divisor of r and 13.
13
Let s be (34/(-5))/(((-2418)/195)/31). Let n = -17 + 34. What is the greatest common factor of s and n?
17
Suppose 2*s = 31 + 33. Suppose -22*c = -2*n - 21*c + 124, 52 = n - 3*c. Calculate the greatest common factor of n and s.
32
Let n(v) = 182*v**2 + 15*v + 3. Let u be n(-1). What is the greatest common factor of u and 320?
10
Suppose -g + 30 = 4*n, 0 = 5*g - n - 132 + 24. Let b = -482 - -171. Let l = -256 - b. Calculate the greatest common divisor of l and g.
11
Let f(t) = -t**2 + 11*t + 10. Let b = 504 + -493. Let x be f(b). Calculate the greatest common factor of 70 and x.
10
Suppose -62*j = 3*g - 66*j - 252, -j - 349 = -4*g. Calculate the highest common divisor of g and 112.
8
Let h = 56 + -53. Suppose -5*i - 465 = -5*c, -h*i + 265 = 3*c - 2. Suppose -2*p - x + 291 = 0, p + 2*x = c + 62. What is the greatest common factor of p and 13?
13
Let s(m) = -22 - 307*m**2 - 11*m + 336*m**2 - 11*m. Let u be s(-1). What is the highest common divisor of u and 29?
29
Let f = 331 - -570. Let n = f - 613. What is the greatest common factor of 32 and n?
32
Suppose -3*n + 8 = -n. Suppose n*b = 6*b - 56. Let t be (0 - 3/(12/4)) + b. What is the highest common factor of 135 and t?
27
Let t(p) = 11*p**2 + 2*p - 7. Let u be t(2). Suppose -u*c + 635 = -267. What is the highest common divisor of 528 and c?
22
Let a(y) = -y**3 - 9*y**2 + 8*y + 10. Let g be a(-10). Suppose 9*i + 25 = 14*i. Suppose -i*w - 597 = -612. What is the greatest common divisor of w and g?
3
Let y be (-9312)/(-26) - 7*(-4)/(-182). Let j = y - 310. What is the greatest common divisor of j and 432?
48
Suppose 0 = 2*l + 2*n - 370, 0*l - 4*l - 3*n = -737. Suppose -7*h - 2240 = l. Let k = h + 610. Calculate the highest common divisor of k and 33.
33
Suppose 0 = -m - 4*t + 4, 4*m - m = -4*t + 28. Let a be 4/m*(14 + -5). Suppose 2*n = a*x + 90, 0*x = -x + 2. Calculate the highest common divisor of 16 and n.
16
Suppose -19 = 5*a + 3*k, -5*k = -5*a - 14 - 21. Let j be ((-60)/24)/(a*(-2)/(-8)). What is the greatest common factor of j and 34?
2
Let l(s) = 10*s + 3. Let q(y) = y. Let f(c) = l(c) - 6*q(c). Let v be f(5). Suppose -4*k + 33 = -v. What is the highest common divisor of 2 and k?
2
Let m be (-36)/((14/(-63))/((-4)/(-6))). Suppose 4*b + 66 = -90. Let d = b - -66. What is the highest common divisor of d and m?
27
Let h = -11 - -73. Let x = 172 - h. Calculate the greatest common divisor of 22 and x.
22
Let i(g) be the first derivative of 30*g**2 - 170*g + 186. Let z be i(4). What is the greatest common factor of z and 90?
10
Let h(u) = -8*u**2 + 89*u - 21. Let x be h(6). What is the greatest common divisor of x and 585?
45
Let q(j) = 28*j**2 + 71*j + 36. Let t be q(-12). Calculate the highest common factor of 18 and t.
6
Let w(a) = 67*a + 549. Let r be w(4). Calculate the highest common divisor of r and 38.
19
Let q = -1 + 2. Let s be 14*((-1)/7 + q). Suppose 237*z - 15090 - 11646 = 4548. What is the greatest common divisor of s and z?
12
Suppose -9*k = -4*k - o - 108, 3*o - 468 = -21*k. Calculate the greatest common divisor of k and 8052.
22
Let n(g) = -2*g + 39. Let h be n(18). Suppose 127 = 5*s - 2*f, -3*s = h*f - 3 - 90. Suppose 0*t + 3*t - s = 0. What is the greatest common divisor of 99 and t?
9
Let r(n) = 37*n**2 - n + 1. Let x be r(2). Let z = 5962 - 5920. Calculate the highest common factor of z and x.
21
Let y(p) = 50*p + 22 + 38*p - 88*p + 132*p + 27*p. Let i be y(5). What is the highest common factor of 38 and i?
19
Suppose -1408 = -9672*s + 9664*s. What is the greatest common factor of 209 and s?
11
Suppose 0 = 32*d - 4394 - 4438. What is the greatest common divisor of 60 and d?
12
Let p(d) = -28 - 6*d**2 + d**2 + 0*d**2 + d**3 - 6*d**2 - 8*d. Let i be p(14). What is the greatest common divisor of i and 16?
16
Let q = 65 - 31. Let b(i) = -2*i**2 + 6*i - 13. Let g be b(-6). Let c = g + 257. What is the greatest common divisor of c and q?
34
Suppose -15*w - 9*w - 3816 = 0. Let n = w + 198. What is the greatest common divisor of n and 429?
39
Let k be (-35)/5*(-2 - (3 + -1)). Suppose -m = -8*m + k. What is the highest common divisor of m and 7?
1
Suppose -25*q = -36*q + 11. Let c be (-11 + q)/(6/(-180)). Calculate the highest common factor of 60 and c.
60
Suppose 5*f = -4*i + 1619, 0 = -107*f + 105*f - 2. Calculate the highest common divisor of i and 3422.
58
Let u(j) = 22*j - 138. Let a be u(9). Let v be ((-780)/(-150))/(1/a). Calculate the greatest common divisor of v and 117.
39
Suppose 9*s + 0*s = 270. Let o be (-45)/s*(-57 + 1). Let h be 369/54 + 5 - 1/(-6). What is the highest common divisor of o and h?
12
Let h be (4 - (-403)/(-91)) + 7426/14. Calculate the greatest common divisor of 70 and h.
10
Suppose -5*y + 4*v + 6474 = 0, 0 = -0*y - 2*y + 3*v + 2598. What is the greatest common factor of 40 and y?
10
Suppose 4296 = 8*x + 3208. Calculate the highest common factor of 5576 and x.
136
Let s(m) = -2*m**3 - 2*m**2 - 5*m + 9. Let u be s(-6). What is the highest common divisor of 513 and u?
57
Suppose -87 = 3*c - 1506. Let s = c + 31. What is the highest common factor of s and 72?
72
Let o = 521 + -416. What is the greatest common factor of o and 15?
15
Let v(u) = 2*u**2 + 17*u - 284. Let y be v(13). Calculate the greatest common divisor of 425 and y.
25
Suppose -60 - 68 = -26*d + 2. Calculate the highest common divisor of 41 and d.
1
Suppose 0 = m - 3*b - 51 + 21, -4*b = 5*m - 226. What is the greatest common factor of m and 582?
6
Let r(z) = z**2 + z + 161. Let v = 2 + -2. Let c be r(v). Let b = -42512 + 42535. Calculate the greatest common divisor of b and c.
23
Suppose 37 = 5*b - 163. Let o = 270 + -166. What is the highest common divisor of b and o?
8
Let k(u) = u**3 + 9*u**2 - 19*u - 100. Let s be k(-9). What is the highest common divisor of s and 7?
1
Let h = -3004 + 3014. Calculate the greatest common factor of 1785 and h.
5
Suppose -4*w - 50 + 30 = 0, 0 = 5*l + 5*w - 25. Let i be l/6 + 920/69. What is the greatest common factor of 105 and i?
15
Let z be (353 + -2)/((-6)/(-8)). Suppose 9*y - 1450 = 4*y. Let m = y - 238. Calculate the greatest common factor of m and z.
52
Let s be ((-4)/2)/((-17)/34). Suppose -40 = -s*l + 40. Suppose -2*z - a - 2*a + 109 = 0, 197 = 4*z - a. Calculate the greatest common divisor of l and z.
10
Let c(h) = 44*h + 3302. Let i be c(-33). What is the greatest common factor of 150 and i?
50
Let r be (0 - (1 + -1)) + 275. Suppose 4709*j - 1275 = 4692*j. What is the greatest common divisor of r and j?
25
Let o = -337 - -350. Suppose -z - 5*d + 55 = 0, d = 2*z - 75 - o. What is the greatest common divisor of 405 and z?
45
Let n be (-14 + -2*(-592)/112)/(-3*4/616). Let h = 117 + -40. Calculate the greatest common factor of n and h.
11
Let i(d) = 13*d - 439. Let h be i(40). Calculate the highest common factor of 13689 and h.
81
Suppose -996 + 1456 = 214*y - 2322. Let r = -194 + 415. What is the greatest common divisor of r and y?
13
Suppose 50 = -254*v + 279*v. Suppose 3*m - 2*m - 14 = 0. What is the highest common divisor of m and v?
2
Let m = 5799 - 1733. Calculate the highest common divisor of 38 and m.
38
Let j be 4/(-10) + (-284)/(-10) - -2. Let w(o) = o**2 - 14*o - 30. Let n be w(-6). Calculate the greatest common divisor of j and n.
30
Let w(b) be the first derivative of -247*b**4/4 + 2*b**3/3 - b - 27. Let f be w(-1). Suppose -3*g = -0*g - 93. Calculate the highest common divisor of g and f.
31
Let h = -38 + 524. Suppose -128 = -2*s - 0*x + 5*x, -2*x = -4*s + 224. Calculate the highest common factor of s and h.
54
Let s(d) = 60*d*